f a and 7272?
9
Let a = 101 + 182. Suppose 4*o = 4*p + 276, 3*p = 4*o + 6*p - a. Calculate the greatest common divisor of o and 10.
10
Suppose 5*v = -5*f + 5, 0 = v + 4*v - 2*f - 19. Let y be v/(((-2)/(-3))/(20/45)). Suppose y*w + w - 210 = 0. What is the greatest common divisor of 10 and w?
10
Let t(l) be the first derivative of -2*l**4 + 5*l**3/3 + 3*l**2/2 - 2*l - 68. Let q be t(-2). What is the greatest common divisor of q and 342?
38
Suppose 2302 - 276 = 52*a - 3902. What is the highest common divisor of a and 1767?
57
Let c be ((-9)/6)/((-16)/6496). Calculate the highest common divisor of 105 and c.
21
Let h = 51 - 44. Suppose -h = 3*k - 19. Suppose -k*n - 60 = -5*v, -3*n + 4*n = 2*v - 27. What is the greatest common divisor of 2 and v?
2
Let j = -523 - -562. Let m = 492 - 297. Calculate the highest common factor of m and j.
39
Suppose 2*p + 4*p = -594. Let t = p - -121. Let v be (-122 - -1)/((-3)/6). What is the highest common divisor of v and t?
22
Suppose 7*s = 8*s + 38. Let a be (s/(-1) - 3) + 0. Calculate the greatest common factor of a and 35.
35
Let d be (3 + 419)/((-4)/(-14)). Suppose -d = -3*g - 289. Suppose 70*c - 108 = 67*c + 3*o, 0 = -4*c + o + 144. Calculate the greatest common factor of g and c.
36
Let q(b) = 262*b**2 + 791*b + 833. Let j be q(-1). Suppose -s - k = -27, 3*s + 6*k - 4*k = 78. Calculate the greatest common divisor of s and j.
8
Suppose 173577 = 254*v - 27591. What is the greatest common factor of 192 and v?
24
Let d(z) = 13*z**2 - 97*z + 882. Let x be d(9). What is the highest common divisor of 6 and x?
6
Let s = 7301 - 7157. What is the greatest common factor of s and 1224?
72
Let c = 18900 - 18347. Calculate the greatest common divisor of 6399 and c.
79
Let t(r) = -2*r**3 + 14*r**2 - 6*r - 24. Suppose -u + 11 = 5*b, -u - 38*b + 7 = -37*b. Let z be t(u). What is the highest common divisor of z and 20?
4
Let k = 10515 - -28420. What is the greatest common divisor of 130 and k?
65
Let z be (-364)/14 - -19 - -107. Let a be 4/(-6) + 429/9. Let j = -7 + a. Calculate the greatest common divisor of j and z.
20
Let z be 0 - (-3)/((-12)/(-16)). Suppose 81 = z*c + 5*y, -c - y + 13 = -6. Let l = -4 + 60. Calculate the highest common factor of l and c.
14
Let q(a) = -a**3 + 69*a**2 + 534*a - 150. Let g be q(76). Suppose 2*l + 2*j + 18 = 78, 0 = 5*l + 2*j - 162. Calculate the greatest common divisor of g and l.
2
Let k be (-3)/15 + (-530)/(-25). What is the highest common factor of k and 8778?
21
Let p(h) = h**3 + 8*h**2 - 24*h - 16. Suppose -200 = 9*j + 11*j. Let o be p(j). What is the highest common factor of 12 and o?
12
Suppose 3768 = 9*n - 6*n. Calculate the highest common divisor of n and 785.
157
Let a(n) = 4*n**2 + 58*n - 495. Let z be a(-23). Let b be -3*1/(3/(-82)). What is the highest common divisor of b and z?
41
Suppose -4*o - 40 = -9*o. Let w = 2 + o. Suppose -2*z = -0*z - 20. What is the highest common divisor of z and w?
10
Let n = 81 - 37. Let a be 23/69*(35 - -1). Let h be 480/1 + 7/(21/a). What is the greatest common divisor of n and h?
44
Suppose -7373 + 28303 = 266*o + 56*o. Suppose 7 = 4*x + 3. Let m be -2 + 14*(x - -1). Calculate the highest common factor of o and m.
13
Suppose 4*g = p + 39, -36 = -0*g - 3*g + 3*p. Let h = 14210 - 14129. What is the greatest common divisor of g and h?
9
Let d(z) = 15*z**3 - 13*z**2 + 26*z + 5. Let f be d(3). Calculate the highest common factor of 2173 and f.
53
Let h = -49 + 56. Suppose h*n - 842 = 3*n - z, -6 = -3*z. Calculate the greatest common factor of 126 and n.
42
Suppose 0 = -3*x + h + h + 92, 5*h = x - 35. Suppose 92 = g - j, 4*g - 16 = j + 376. What is the greatest common factor of g and x?
10
Let k be (-7)/(-56)*(-32)/4*-122. What is the highest common factor of k and 7198?
122
Suppose -1087 = -114*c + 6284 - 1101. Suppose 3*t + 3*l = 30, -4*t + 1 = -5*l + 6. Suppose -t*x - 28 = -138. Calculate the greatest common divisor of x and c.
11
Suppose o - 8*o = -14. Let r(h) = -1 + 2*h - h**3 + 2*h**2 - 14 + 12*h**o. Let x be r(14). What is the highest common factor of 65 and x?
13
Suppose 0 = 7*j - 452 - 318. Let u = 54 - 61. Let w be 5/((-3)/(u + 1)). What is the highest common divisor of j and w?
10
Let n(z) = 1836*z - 7202. Let d be n(4). Calculate the greatest common factor of d and 2.
2
Suppose 11*w - 9101 = -53*w + 3379. What is the highest common divisor of w and 1248?
39
Let c(y) = 10*y - 18. Let d be c(-13). Let v = d - -173. Calculate the greatest common divisor of 225 and v.
25
Let t(s) = 33*s**2 - 6*s - 3. Let x be t(-4). Let v(i) = -i**3 - i**2 - 86*i + 303. Let k be v(3). Calculate the highest common factor of k and x.
9
Let r = -44 + 44. Suppose r = -9*w + 5*w. Suppose w = -3*l + 30 + 36. Calculate the greatest common divisor of 11 and l.
11
Let k be (-2)/(-10) + (-792)/(-40). Let q = 15 + k. Let x be ((-52)/10)/((-14)/q). What is the highest common divisor of x and 52?
13
Suppose -10 = -3*s + p, 4 = 2*s + 4*p + 2. Let f be ((-1)/(-6)*-1)/((-544)/16320). What is the greatest common factor of f and s?
1
Let i = -477 - -478. Let f be (0 - i)/(3516/(-1752) + 2). What is the greatest common factor of 2 and f?
2
Let y be 689/(-6) + (-2 + 1)/6. Let q = y + 180. Let z = q - 20. Calculate the highest common factor of 30 and z.
15
Let o = -433 - -461. Suppose -3*k + 20 = 2*k. What is the highest common factor of o and k?
4
Let b = -33 - -73. Suppose 13*d = 77 - 12. Let x be 10/(d + -1 - 2). What is the greatest common factor of b and x?
5
Let u be 3/(-3)*-1*9. Let t(f) = -7*f + 15*f - f**2 + 3*f + 10 - 4. Let k be t(u). What is the highest common factor of k and 4?
4
Suppose 3*l - 259 = 4*h, 3*h - l + 175 = -13. Let j = 139 + h. Let d = 3500 - 3448. Calculate the greatest common divisor of j and d.
26
Let p = -189 + 134. Let i = -45 - p. Let z be (-2 - (-28)/8) + 20/8. Calculate the greatest common factor of z and i.
2
Suppose 0 = 2*z - 43 + 73 - 36. Calculate the highest common divisor of 129 and z.
3
Let d(i) = 10*i**2 + 399*i + 110. Let a be d(-40). What is the highest common factor of 2460 and a?
30
Let t = -8934 + 9184. What is the greatest common divisor of 34250 and t?
250
Let u = -49 + 63. Suppose -5*g + 14 = -t + 3*t, -4*t = 3*g - u. What is the highest common factor of 6 and t?
2
Suppose 4*g = 18*g + 854 - 3206. Calculate the highest common divisor of 1365 and g.
21
Suppose -72*m + 35*m + 176 = -36*m. What is the greatest common factor of 88 and m?
88
Let s(v) be the first derivative of v**2/2 + 41*v + 62. Let c be s(-15). What is the greatest common divisor of c and 52?
26
Let q be (-29 - (-41 - 1950)) + (20/(-2))/2. What is the highest common divisor of q and 412?
103
Let g be (18/8)/(33/(-4840)). Let t = g + 382. Calculate the greatest common factor of 12 and t.
4
Let c(w) = -w**2 + 13*w - 6. Let r be c(3). Suppose -111*b - r = -115*b. Let x = 29 + -23. What is the greatest common factor of x and b?
6
Let p(m) = 5 - m - 2 - 2 + 3. Let t be p(-4). Let v(a) = 7*a - 52. Let k be v(t). What is the highest common divisor of 64 and k?
4
Suppose -2*p = 2*b - 12, 5*p - 4*b = 10 + 11. Suppose 0 = 5*u + 5*f - 246 - 129, 0 = 2*u + p*f - 147. Calculate the greatest common factor of u and 114.
38
Let i be 17/(51/18)*(10 + 1). Let d be (1 + (-354)/(-42))/((-1)/(-77)). Calculate the greatest common divisor of d and i.
66
Let g be (-52)/65 + (-2)/10. Let o(j) = -176*j**3 - j**2 - 5*j - 4. Let z be o(g). What is the highest common factor of z and 16?
16
Let m = 1305 + -1167. What is the greatest common factor of 759 and m?
69
Suppose -3*r + 5*r = -4*t + 830, -5*r + 626 = 3*t. Suppose -18 = q - 4*u - 11, q = 3*u + 6. What is the highest common factor of t and q?
9
Let c be 1036/22 + (1 - 48/44). Let p(s) = s - 6. Let i be p(7). What is the highest common divisor of i and c?
1
Let q be 6/21*25704/144. Calculate the highest common factor of 289 and q.
17
Let x(a) = -a**3 + 3*a**2 + 19*a - 3. Let n be x(6). Suppose -n*s = -s - 6, 4*u - 483 = -s. What is the highest common divisor of u and 40?
40
Suppose -426 = -12*v + 163 + 1211. What is the greatest common factor of 800 and v?
50
Let k be 3/(-2)*10 + 10/10. Let f = k + 5. Let v(h) = h**3 + 11*h**2 + 18*h + 2. Let w be v(f). What is the highest common divisor of w and 14?
2
Let y be (-7)/2*12*(-4)/42. Suppo